is divided by 1291.
1289
Calculate the remainder when 3993728 is divided by 65.
63
What is the remainder when 19516 is divided by 5096?
4228
Calculate the remainder when 43159 is divided by 173.
82
Calculate the remainder when 172218 is divided by 169878.
2340
What is the remainder when 55010893 is divided by 35?
28
Calculate the remainder when 9766411 is divided by 61.
6
What is the remainder when 1336273 is divided by 133617?
103
Calculate the remainder when 72615 is divided by 72401.
214
What is the remainder when 10183 is divided by 3284?
331
Calculate the remainder when 2863842 is divided by 91.
72
What is the remainder when 959459 is divided by 155?
9
Calculate the remainder when 6511439 is divided by 195.
194
Calculate the remainder when 36736068 is divided by 8.
4
What is the remainder when 63471 is divided by 31683?
105
What is the remainder when 44089661 is divided by 12?
5
What is the remainder when 498942 is divided by 6158?
144
Calculate the remainder when 189631355 is divided by 320.
315
Calculate the remainder when 183416 is divided by 382.
56
Calculate the remainder when 5174415 is divided by 980.
15
Calculate the remainder when 7532871 is divided by 7532861.
10
What is the remainder when 24768448 is divided by 126?
124
What is the remainder when 25659746 is divided by 772?
10
Calculate the remainder when 3369501 is divided by 1123167.
0
Calculate the remainder when 7647906 is divided by 23.
15
What is the remainder when 1159734 is divided by 1159697?
37
What is the remainder when 5977878 is divided by 3036?
3030
Calculate the remainder when 200768 is divided by 174.
146
What is the remainder when 128188 is divided by 303?
19
Calculate the remainder when 6846546 is divided by 7684.
102
What is the remainder when 2177640 is divided by 564?
36
What is the remainder when 210913 is divided by 213?
43
What is the remainder when 136304856 is divided by 2387?
2382
What is the remainder when 27356768 is divided by 1273?
1271
What is the remainder when 589757 is divided by 20?
17
What is the remainder when 274337 is divided by 45717?
35
What is the remainder when 3527116 is divided by 1175703?
7
What is the remainder when 396068 is divided by 24?
20
What is the remainder when 26982 is divided by 26606?
376
Calculate the remainder when 5610276 is divided by 155841.
0
Calculate the remainder when 64611 is divided by 31949.
713
What is the remainder when 268802 is divided by 1190?
1052
What is the remainder when 18775 is divided by 1731?
1465
Calculate the remainder when 1020054 is divided by 1774.
4
What is the remainder when 262197 is divided by 15408?
261
What is the remainder when 424051 is divided by 141348?
7
Calculate the remainder when 5362689 is divided by 5829.
9
Calculate the remainder when 16402 is divided by 430.
62
Calculate the remainder when 21168272 is divided by 267.
245
Calculate the remainder when 103942 is divided by 479.
478
What is the remainder when 265430 is divided by 2073?
86
What is the remainder when 2220276 is divided by 597?
33
Calculate the remainder when 2895605 is divided by 30.
5
What is the remainder when 513259948 is divided by 802?
800
Calculate the remainder when 82341998 is divided by 41170999.
0
What is the remainder when 1539955 is divided by 560?
515
What is the remainder when 670132 is divided by 7204?
160
Calculate the remainder when 315250 is divided by 157555.
140
Calculate the remainder when 2139122 is divided by 891.
722
What is the remainder when 455047 is divided by 21640?
607
Calculate the remainder when 8629254 is divided by 783.
594
What is the remainder when 62447561 is divided by 51?
50
Calculate the remainder when 24454 is divided by 6869.
3847
Calculate the remainder when 807872 is divided by 430.
332
Calculate the remainder when 6242762 is divided by 1181.
1177
What is the remainder when 4077930 is divided by 450?
30
Calculate the remainder when 812138 is divided by 32.
10
Calculate the remainder when 531423 is divided by 984.
63
Calculate the remainder when 1833264 is divided by 282.
264
Calculate the remainder when 521054 is divided by 3405.
89
Calculate the remainder when 59081411 is divided by 156.
155
What is the remainder when 219622 is divided by 908?
794
What is the remainder when 60344 is divided by 8973?
6506
Calculate the remainder when 1295831 is divided by 3640.
3631
What is the remainder when 112512 is divided by 692?
408
What is the remainder when 340169 is divided by 14716?
1701
What is the remainder when 164052 is divided by 48?
36
Calculate the remainder when 2050733 is divided by 512669.
57
Calculate the remainder when 139913 is divided by 366.
101
Calculate the remainder when 6109349 is divided by 1205.
1204
Calculate the remainder when 3540426 is divided by 656.
650
What is the remainder when 32864037 is divided by 40?
37
What is the remainder when 49351 is divided by 2483?
2174
What is the remainder when 24452305 is divided by 73?
6
Calculate the remainder when 48245 is divided by 3489.
2888
What is the remainder when 355260 is divided by 4868?
4764
Calculate the remainder when 8533719 is divided by 498.
489
What is the remainder when 6712779 is divided by 2237592?
3
Calculate the remainder when 319058 is divided by 39829.
426
What is the remainder when 4237562 is divided by 805?
42
What is the remainder when 399207 is divided by 23477?
98
Calculate the remainder when 1993817 is divided by 498446.
33
Calculate the remainder when 68005 is divided by 598.
431
What is the remainder when 31407 is divided by 2819?
398
What is the remainder when 53960316 is divided by 4?
0
Calculate the remainder when 24779640 is divided by 4955910.
90
What is the remainder when 206355 is divided by 5058?
4035
What is the remainder when 94205570 is divided by 1035226?
4
Calculate the remainder when 146859 is divided by 10349.
1973
What is the remainder when 17980 is divided by 2238?
76
What is the remainder when 738381564 is divided by 11?
8
Calculate the remainder when 189170 is divided by 22266.
11042
What is the remainder when 1042912 is divided by 2900?
1812
What is the remainder when 9071068 is divided by 15?
13
What is the remainder when 52864827 is divided by 44?
15
What is the remainder when 10141037 is divided by 5070514?
9
What is the remainder when 2096190 is divided by 523884?
654
Calculate the remainder when 11959471 is divided by 996621.
19
Calculate the remainder when 1161158 is divided by 4416.
4166
Calculate the remainder when 888028 is divided by 2846.
76
Calculate the remainder when 103161 is divided by 2394.
219
Calculate the remainder when 46101 is divided by 6506.
559
What is the remainder when 1975853 is divided by 749?
740
Calculate the remainder when 88613 is divided by 930.
263
What is the remainder when 21391563 is divided by 38474?
19
What is the remainder when 7878248 is divided by 656498?
272
What is the remainder when 19067247 is divided by 258?
15
Calculate the remainder when 35647159 is divided by 357.
352
What is the remainder when 23153117 is divided by 16305?
17
Calculate the remainder when 18911032 is divided by 16.
8
What is the remainder when 127907 is divided by 396?
395
What is the remainder when 23900386 is divided by 517?
510
What is the remainder when 27492522 is divided by 57?
54
What is the remainder when 667090 is divided by 667027?
63
What is the remainder when 2870014 is divided by 57?
7
Calculate the remainder when 4204023 is divided by 952.
943
What is the remainder when 1331483 is divided by 2734?
25
What is the remainder when 77759 is divided by 3476?
1287
Calculate the remainder when 51032 is divided by 2832.
56
What is the remainder when 268372 is divided by 268329?
43
Calculate the remainder when 2801259 is divided by 27463.
33
What is the remainder when 76790 is divided by 78?
38
Calculate the remainder when 1924491 is divided by 1289.
14
What is the remainder when 316024 is divided by 2151?
1978
Calculate the remainder when 3126149 is divided by 1257.
1247
What is the remainder when 35830208 is divided by 26?
24
What is the remainder when 3519655 is divided by 17169?
10
What is the remainder when 68865706 is divided by 161278?
0
What is the remainder when 495551509 is divided by 11971?
11964
What is the remainder when 41